{"id":1219,"date":"2025-01-13T15:25:07","date_gmt":"2025-01-13T18:25:07","guid":{"rendered":"https:\/\/ergoproj.coppe.ufrj.br\/?page_id=1219"},"modified":"2025-02-05T15:56:56","modified_gmt":"2025-02-05T18:56:56","slug":"apresentacao","status":"publish","type":"page","link":"https:\/\/ergoproj.coppe.ufrj.br\/index.php\/quem-somos\/apresentacao\/","title":{"rendered":"Apresenta\u00e7\u00e3o"},"content":{"rendered":"\t\t<div data-elementor-type=\"wp-page\" data-elementor-id=\"1219\" class=\"elementor elementor-1219\" data-elementor-post-type=\"page\">\n\t\t\t\t<div class=\"elementor-element elementor-element-621ee24d e-flex e-con-boxed wpr-particle-no wpr-jarallax-no wpr-parallax-no wpr-sticky-section-no wpr-equal-height-no e-con e-parent\" data-id=\"621ee24d\" data-element_type=\"container\" data-e-type=\"container\" data-settings=\"{&quot;jet_parallax_layout_list&quot;:[]}\">\n\t\t\t\t\t<div class=\"e-con-inner\">\n\t\t<div class=\"elementor-element elementor-element-91f9514 e-con-full e-flex wpr-particle-no wpr-jarallax-no wpr-parallax-no wpr-sticky-section-no wpr-equal-height-no e-con e-child\" data-id=\"91f9514\" data-element_type=\"container\" data-e-type=\"container\" data-settings=\"{&quot;background_background&quot;:&quot;classic&quot;,&quot;jet_parallax_layout_list&quot;:[]}\">\n\t\t\t\t<div class=\"elementor-element elementor-element-04592fb jet-breadcrumbs-align-left elementor-widget elementor-widget-jet-breadcrumbs\" data-id=\"04592fb\" data-element_type=\"widget\" data-e-type=\"widget\" data-widget_type=\"jet-breadcrumbs.default\">\n\t\t\t\t<div class=\"elementor-widget-container\">\n\t\t\t\t\t<div class=\"elementor-jet-breadcrumbs jet-blocks\">\n\t\t<div class=\"jet-breadcrumbs\">\n\t\t<div class=\"jet-breadcrumbs__content\">\n\t\t\t<div class=\"jet-breadcrumbs__browse\">Voc\u00ea est\u00e1 aqui:<\/div> \n\t\t<div class=\"jet-breadcrumbs__wrap\"><div class=\"jet-breadcrumbs__item\"><a href=\"https:\/\/ergoproj.coppe.ufrj.br\/\" class=\"jet-breadcrumbs__item-link is-home\" rel=\"home\" title=\"In\u00edcio\">In\u00edcio<\/a><\/div>\n\t\t<\/div>\n\t\t<\/div>\n\t\t<\/div><\/div>\t\t\t\t<\/div>\n\t\t\t\t<\/div>\n\t\t\t\t<\/div>\n\t\t\t\t\t<\/div>\n\t\t\t\t<\/div>\n\t\t<div class=\"elementor-element elementor-element-7140bacc e-flex e-con-boxed wpr-particle-no wpr-jarallax-no wpr-parallax-no wpr-sticky-section-no wpr-equal-height-no e-con e-parent\" data-id=\"7140bacc\" data-element_type=\"container\" data-e-type=\"container\" data-settings=\"{&quot;jet_parallax_layout_list&quot;:[]}\">\n\t\t\t\t\t<div class=\"e-con-inner\">\n\t\t<div class=\"elementor-element elementor-element-7078c523 e-con-full elementor-hidden-mobile_extra elementor-hidden-mobile e-flex wpr-particle-no wpr-jarallax-no wpr-parallax-no wpr-sticky-section-no wpr-equal-height-no e-con e-child\" data-id=\"7078c523\" data-element_type=\"container\" data-e-type=\"container\" data-settings=\"{&quot;jet_parallax_layout_list&quot;:[]}\">\n\t\t\t\t<div class=\"elementor-element elementor-element-50f5b057 menu-lateral elementor-nav-menu--dropdown-none elementor-widget elementor-widget-nav-menu\" data-id=\"50f5b057\" data-element_type=\"widget\" data-e-type=\"widget\" data-settings=\"{&quot;layout&quot;:&quot;vertical&quot;,&quot;submenu_icon&quot;:{&quot;value&quot;:&quot;&lt;svg aria-hidden=\\&quot;true\\&quot; class=\\&quot;e-font-icon-svg e-fas-caret-down\\&quot; viewBox=\\&quot;0 0 320 512\\&quot; xmlns=\\&quot;http:\\\/\\\/www.w3.org\\\/2000\\\/svg\\&quot;&gt;&lt;path d=\\&quot;M31.3 192h257.3c17.8 0 26.7 21.5 14.1 34.1L174.1 354.8c-7.8 7.8-20.5 7.8-28.3 0L17.2 226.1C4.6 213.5 13.5 192 31.3 192z\\&quot;&gt;&lt;\\\/path&gt;&lt;\\\/svg&gt;&quot;,&quot;library&quot;:&quot;fa-solid&quot;}}\" data-widget_type=\"nav-menu.default\">\n\t\t\t\t<div class=\"elementor-widget-container\">\n\t\t\t\t\t\t\t\t<nav aria-label=\"Menu\" class=\"elementor-nav-menu--main elementor-nav-menu__container elementor-nav-menu--layout-vertical e--pointer-underline e--animation-fade\">\n\t\t\t\t<ul id=\"menu-1-50f5b057\" class=\"elementor-nav-menu sm-vertical\"><li class=\"menu-item menu-item-type-post_type menu-item-object-page menu-item-home menu-item-5287\"><a href=\"https:\/\/ergoproj.coppe.ufrj.br\/\" class=\"elementor-item\">In\u00edcio<\/a><\/li>\n<li class=\"menu-item menu-item-type-custom menu-item-object-custom menu-item-has-children menu-item-5288\"><a class=\"elementor-item\">Quem Somos<\/a>\n<ul class=\"sub-menu elementor-nav-menu--dropdown\">\n\t<li class=\"menu-item menu-item-type-post_type menu-item-object-page menu-item-5289\"><a href=\"https:\/\/ergoproj.coppe.ufrj.br\/index.php\/quem-somos\/apresentacao\/\" class=\"elementor-sub-item\">Apresenta\u00e7\u00e3o<\/a><\/li>\n\t<li class=\"menu-item menu-item-type-custom menu-item-object-custom menu-item-has-children menu-item-5290\"><a class=\"elementor-sub-item\">Pessoal<\/a>\n\t<ul class=\"sub-menu elementor-nav-menu--dropdown\">\n\t\t<li class=\"menu-item menu-item-type-post_type menu-item-object-page menu-item-5291\"><a href=\"https:\/\/ergoproj.coppe.ufrj.br\/index.php\/quem-somos\/pessoal\/coordenacao\/\" class=\"elementor-sub-item\">Coordena\u00e7\u00e3o<\/a><\/li>\n\t\t<li class=\"menu-item menu-item-type-post_type menu-item-object-page menu-item-5292\"><a href=\"https:\/\/ergoproj.coppe.ufrj.br\/index.php\/quem-somos\/pessoal\/professores\/\" class=\"elementor-sub-item\">Professores<\/a><\/li>\n\t\t<li class=\"menu-item menu-item-type-post_type menu-item-object-page menu-item-5293\"><a href=\"https:\/\/ergoproj.coppe.ufrj.br\/index.php\/quem-somos\/pessoal\/pesquisadores\/\" class=\"elementor-sub-item\">Pesquisadores<\/a><\/li>\n\t<\/ul>\n<\/li>\n\t<li class=\"menu-item menu-item-type-post_type menu-item-object-page menu-item-6130\"><a href=\"https:\/\/ergoproj.coppe.ufrj.br\/index.php\/quem-somos\/comunicacao-visual\/\" class=\"elementor-sub-item\">Comunica\u00e7\u00e3o Visual<\/a><\/li>\n<\/ul>\n<\/li>\n<li class=\"menu-item menu-item-type-custom menu-item-object-custom menu-item-has-children menu-item-5295\"><a class=\"elementor-item\">Novidades<\/a>\n<ul class=\"sub-menu elementor-nav-menu--dropdown\">\n\t<li class=\"menu-item menu-item-type-post_type menu-item-object-page menu-item-5296\"><a href=\"https:\/\/ergoproj.coppe.ufrj.br\/index.php\/novidades\/noticias\/\" class=\"elementor-sub-item\">Not\u00edcias<\/a><\/li>\n\t<li class=\"menu-item menu-item-type-post_type menu-item-object-page menu-item-5297\"><a href=\"https:\/\/ergoproj.coppe.ufrj.br\/index.php\/novidades\/eventos\/\" class=\"elementor-sub-item\">Eventos<\/a><\/li>\n\t<li class=\"menu-item menu-item-type-post_type menu-item-object-page menu-item-5298\"><a href=\"https:\/\/ergoproj.coppe.ufrj.br\/index.php\/novidades\/defesas\/\" class=\"elementor-sub-item\">Defesas<\/a><\/li>\n\t<li class=\"menu-item menu-item-type-post_type menu-item-object-page menu-item-5299\"><a href=\"https:\/\/ergoproj.coppe.ufrj.br\/index.php\/novidades\/seminarios\/\" class=\"elementor-sub-item\">Semin\u00e1rios<\/a><\/li>\n<\/ul>\n<\/li>\n<li class=\"menu-item menu-item-type-custom menu-item-object-custom menu-item-has-children menu-item-5300\"><a class=\"elementor-item\">Atua\u00e7\u00e3o<\/a>\n<ul class=\"sub-menu elementor-nav-menu--dropdown\">\n\t<li class=\"menu-item menu-item-type-post_type menu-item-object-page menu-item-5301\"><a href=\"https:\/\/ergoproj.coppe.ufrj.br\/index.php\/atuacao\/projetos-em-andamento\/\" class=\"elementor-sub-item\">Projetos em Andamento<\/a><\/li>\n\t<li class=\"menu-item menu-item-type-post_type menu-item-object-page menu-item-5302\"><a href=\"https:\/\/ergoproj.coppe.ufrj.br\/index.php\/atuacao\/projetos-encerrados\/\" class=\"elementor-sub-item\">Projetos Encerrados<\/a><\/li>\n<\/ul>\n<\/li>\n<li class=\"menu-item menu-item-type-custom menu-item-object-custom menu-item-has-children menu-item-5303\"><a class=\"elementor-item\">Produ\u00e7\u00e3o Acad\u00eamica<\/a>\n<ul class=\"sub-menu elementor-nav-menu--dropdown\">\n\t<li class=\"menu-item menu-item-type-post_type menu-item-object-page menu-item-6228\"><a href=\"https:\/\/ergoproj.coppe.ufrj.br\/index.php\/producao-academica\/publicacoes\/\" class=\"elementor-sub-item\">Publica\u00e7\u00f5es<\/a><\/li>\n\t<li class=\"menu-item menu-item-type-post_type menu-item-object-page menu-item-5500\"><a href=\"https:\/\/ergoproj.coppe.ufrj.br\/index.php\/producao-academica\/trabalhos-de-conclusao-de-curso\/\" class=\"elementor-sub-item\">Trabalhos de Conclus\u00e3o de Curso<\/a><\/li>\n<\/ul>\n<\/li>\n<li class=\"menu-item menu-item-type-post_type menu-item-object-page menu-item-5306\"><a href=\"https:\/\/ergoproj.coppe.ufrj.br\/index.php\/curso-de-especializacao\/\" class=\"elementor-item\">Curso de Especializa\u00e7\u00e3o<\/a><\/li>\n<li class=\"menu-item menu-item-type-post_type menu-item-object-page menu-item-5307\"><a href=\"https:\/\/ergoproj.coppe.ufrj.br\/index.php\/contato\/\" class=\"elementor-item\">Contato<\/a><\/li>\n<\/ul>\t\t\t<\/nav>\n\t\t\t\t\t\t<nav class=\"elementor-nav-menu--dropdown elementor-nav-menu__container\" aria-hidden=\"true\">\n\t\t\t\t<ul id=\"menu-2-50f5b057\" class=\"elementor-nav-menu sm-vertical\"><li class=\"menu-item menu-item-type-post_type menu-item-object-page menu-item-home menu-item-5287\"><a href=\"https:\/\/ergoproj.coppe.ufrj.br\/\" class=\"elementor-item\" tabindex=\"-1\">In\u00edcio<\/a><\/li>\n<li class=\"menu-item menu-item-type-custom menu-item-object-custom menu-item-has-children menu-item-5288\"><a class=\"elementor-item\" tabindex=\"-1\">Quem Somos<\/a>\n<ul class=\"sub-menu elementor-nav-menu--dropdown\">\n\t<li class=\"menu-item menu-item-type-post_type menu-item-object-page menu-item-5289\"><a href=\"https:\/\/ergoproj.coppe.ufrj.br\/index.php\/quem-somos\/apresentacao\/\" class=\"elementor-sub-item\" tabindex=\"-1\">Apresenta\u00e7\u00e3o<\/a><\/li>\n\t<li class=\"menu-item menu-item-type-custom menu-item-object-custom menu-item-has-children menu-item-5290\"><a class=\"elementor-sub-item\" tabindex=\"-1\">Pessoal<\/a>\n\t<ul class=\"sub-menu elementor-nav-menu--dropdown\">\n\t\t<li class=\"menu-item menu-item-type-post_type menu-item-object-page menu-item-5291\"><a href=\"https:\/\/ergoproj.coppe.ufrj.br\/index.php\/quem-somos\/pessoal\/coordenacao\/\" class=\"elementor-sub-item\" tabindex=\"-1\">Coordena\u00e7\u00e3o<\/a><\/li>\n\t\t<li class=\"menu-item menu-item-type-post_type menu-item-object-page menu-item-5292\"><a href=\"https:\/\/ergoproj.coppe.ufrj.br\/index.php\/quem-somos\/pessoal\/professores\/\" class=\"elementor-sub-item\" tabindex=\"-1\">Professores<\/a><\/li>\n\t\t<li class=\"menu-item menu-item-type-post_type menu-item-object-page menu-item-5293\"><a href=\"https:\/\/ergoproj.coppe.ufrj.br\/index.php\/quem-somos\/pessoal\/pesquisadores\/\" class=\"elementor-sub-item\" tabindex=\"-1\">Pesquisadores<\/a><\/li>\n\t<\/ul>\n<\/li>\n\t<li class=\"menu-item menu-item-type-post_type menu-item-object-page menu-item-6130\"><a href=\"https:\/\/ergoproj.coppe.ufrj.br\/index.php\/quem-somos\/comunicacao-visual\/\" class=\"elementor-sub-item\" tabindex=\"-1\">Comunica\u00e7\u00e3o Visual<\/a><\/li>\n<\/ul>\n<\/li>\n<li class=\"menu-item menu-item-type-custom menu-item-object-custom menu-item-has-children menu-item-5295\"><a class=\"elementor-item\" tabindex=\"-1\">Novidades<\/a>\n<ul class=\"sub-menu elementor-nav-menu--dropdown\">\n\t<li class=\"menu-item menu-item-type-post_type menu-item-object-page menu-item-5296\"><a href=\"https:\/\/ergoproj.coppe.ufrj.br\/index.php\/novidades\/noticias\/\" class=\"elementor-sub-item\" tabindex=\"-1\">Not\u00edcias<\/a><\/li>\n\t<li class=\"menu-item menu-item-type-post_type menu-item-object-page menu-item-5297\"><a href=\"https:\/\/ergoproj.coppe.ufrj.br\/index.php\/novidades\/eventos\/\" class=\"elementor-sub-item\" tabindex=\"-1\">Eventos<\/a><\/li>\n\t<li class=\"menu-item menu-item-type-post_type menu-item-object-page menu-item-5298\"><a href=\"https:\/\/ergoproj.coppe.ufrj.br\/index.php\/novidades\/defesas\/\" class=\"elementor-sub-item\" tabindex=\"-1\">Defesas<\/a><\/li>\n\t<li class=\"menu-item menu-item-type-post_type menu-item-object-page menu-item-5299\"><a href=\"https:\/\/ergoproj.coppe.ufrj.br\/index.php\/novidades\/seminarios\/\" class=\"elementor-sub-item\" tabindex=\"-1\">Semin\u00e1rios<\/a><\/li>\n<\/ul>\n<\/li>\n<li class=\"menu-item menu-item-type-custom menu-item-object-custom menu-item-has-children menu-item-5300\"><a class=\"elementor-item\" tabindex=\"-1\">Atua\u00e7\u00e3o<\/a>\n<ul class=\"sub-menu elementor-nav-menu--dropdown\">\n\t<li class=\"menu-item menu-item-type-post_type menu-item-object-page menu-item-5301\"><a href=\"https:\/\/ergoproj.coppe.ufrj.br\/index.php\/atuacao\/projetos-em-andamento\/\" class=\"elementor-sub-item\" tabindex=\"-1\">Projetos em Andamento<\/a><\/li>\n\t<li class=\"menu-item menu-item-type-post_type menu-item-object-page menu-item-5302\"><a href=\"https:\/\/ergoproj.coppe.ufrj.br\/index.php\/atuacao\/projetos-encerrados\/\" class=\"elementor-sub-item\" tabindex=\"-1\">Projetos Encerrados<\/a><\/li>\n<\/ul>\n<\/li>\n<li class=\"menu-item menu-item-type-custom menu-item-object-custom menu-item-has-children menu-item-5303\"><a class=\"elementor-item\" tabindex=\"-1\">Produ\u00e7\u00e3o Acad\u00eamica<\/a>\n<ul class=\"sub-menu elementor-nav-menu--dropdown\">\n\t<li class=\"menu-item menu-item-type-post_type menu-item-object-page menu-item-6228\"><a href=\"https:\/\/ergoproj.coppe.ufrj.br\/index.php\/producao-academica\/publicacoes\/\" class=\"elementor-sub-item\" tabindex=\"-1\">Publica\u00e7\u00f5es<\/a><\/li>\n\t<li class=\"menu-item menu-item-type-post_type menu-item-object-page menu-item-5500\"><a href=\"https:\/\/ergoproj.coppe.ufrj.br\/index.php\/producao-academica\/trabalhos-de-conclusao-de-curso\/\" class=\"elementor-sub-item\" tabindex=\"-1\">Trabalhos de Conclus\u00e3o de Curso<\/a><\/li>\n<\/ul>\n<\/li>\n<li class=\"menu-item menu-item-type-post_type menu-item-object-page menu-item-5306\"><a href=\"https:\/\/ergoproj.coppe.ufrj.br\/index.php\/curso-de-especializacao\/\" class=\"elementor-item\" tabindex=\"-1\">Curso de Especializa\u00e7\u00e3o<\/a><\/li>\n<li class=\"menu-item menu-item-type-post_type menu-item-object-page menu-item-5307\"><a href=\"https:\/\/ergoproj.coppe.ufrj.br\/index.php\/contato\/\" class=\"elementor-item\" tabindex=\"-1\">Contato<\/a><\/li>\n<\/ul>\t\t\t<\/nav>\n\t\t\t\t\t\t<\/div>\n\t\t\t\t<\/div>\n\t\t\t\t<\/div>\n\t\t<div class=\"elementor-element elementor-element-308d6cfc e-con-full e-flex wpr-particle-no wpr-jarallax-no wpr-parallax-no wpr-sticky-section-no wpr-equal-height-no e-con e-child\" data-id=\"308d6cfc\" data-element_type=\"container\" data-e-type=\"container\" data-settings=\"{&quot;jet_parallax_layout_list&quot;:[]}\">\n\t\t\t\t<div class=\"elementor-element elementor-element-c144074 elementor-widget-divider--view-line elementor-widget elementor-widget-divider\" data-id=\"c144074\" data-element_type=\"widget\" data-e-type=\"widget\" data-widget_type=\"divider.default\">\n\t\t\t\t<div class=\"elementor-widget-container\">\n\t\t\t\t\t\t\t<div class=\"elementor-divider\">\n\t\t\t<span class=\"elementor-divider-separator\">\n\t\t\t\t\t\t<\/span>\n\t\t<\/div>\n\t\t\t\t\t\t<\/div>\n\t\t\t\t<\/div>\n\t\t\t\t<div class=\"elementor-element elementor-element-2da53c84 elementor-widget elementor-widget-text-editor\" data-id=\"2da53c84\" data-element_type=\"widget\" data-e-type=\"widget\" data-widget_type=\"text-editor.default\">\n\t\t\t\t<div class=\"elementor-widget-container\">\n\t\t\t\t\t\t\t\t\t<p><span style=\"font-weight: 400\">O grupo de pesquisa <strong>Ergonomia &amp; Projetos<\/strong> &#8211; <strong>ERGOPROJ<\/strong> \u00e9 formado por pesquisadores de p\u00f3s-gradua\u00e7\u00e3o do <strong>Programa de Engenharia de Produ\u00e7\u00e3o da COPPE\/UFRJ<\/strong>. Agrega alunos de diferentes forma\u00e7\u00f5es entre engenharias, desenhistas industriais, arquitetos e psic\u00f3logos; conferindo uma diversidade de compet\u00eancias que permite uma atua\u00e7\u00e3o diversificada em v\u00e1rios campos de atua\u00e7\u00e3o da ergonomia.<\/span><\/p>\n<p><span style=\"font-weight: 400\">O grupo \u00e9 coordenado pelo <strong>D.Sc. Francisco Jos\u00e9 de Castro Moura Duarte<\/strong>, professor do Programa desde 1995, e j\u00e1 teve sob sua orienta\u00e7\u00e3o 28 teses de doutorado e mais de 70 disserta\u00e7\u00f5es de mestrado.<\/span><\/p>\n\t\t\t\t\t\t\t\t<\/div>\n\t\t\t\t<\/div>\n\t\t\t\t<\/div>\n\t\t\t\t\t<\/div>\n\t\t\t\t<\/div>\n\t\t\t\t<\/div>\n\t\t","protected":false},"excerpt":{"rendered":"<p>Voc\u00ea est\u00e1 aqui: In\u00edcio<\/p>\n","protected":false},"author":2,"featured_media":0,"parent":2127,"menu_order":1,"comment_status":"closed","ping_status":"closed","template":"","meta":{"footnotes":""},"class_list":["post-1219","page","type-page","status-publish","hentry"],"_links":{"self":[{"href":"https:\/\/ergoproj.coppe.ufrj.br\/index.php\/wp-json\/wp\/v2\/pages\/1219","targetHints":{"allow":["GET"]}}],"collection":[{"href":"https:\/\/ergoproj.coppe.ufrj.br\/index.php\/wp-json\/wp\/v2\/pages"}],"about":[{"href":"https:\/\/ergoproj.coppe.ufrj.br\/index.php\/wp-json\/wp\/v2\/types\/page"}],"author":[{"embeddable":true,"href":"https:\/\/ergoproj.coppe.ufrj.br\/index.php\/wp-json\/wp\/v2\/users\/2"}],"replies":[{"embeddable":true,"href":"https:\/\/ergoproj.coppe.ufrj.br\/index.php\/wp-json\/wp\/v2\/comments?post=1219"}],"version-history":[{"count":113,"href":"https:\/\/ergoproj.coppe.ufrj.br\/index.php\/wp-json\/wp\/v2\/pages\/1219\/revisions"}],"predecessor-version":[{"id":6300,"href":"https:\/\/ergoproj.coppe.ufrj.br\/index.php\/wp-json\/wp\/v2\/pages\/1219\/revisions\/6300"}],"up":[{"embeddable":true,"href":"https:\/\/ergoproj.coppe.ufrj.br\/index.php\/wp-json\/wp\/v2\/pages\/2127"}],"wp:attachment":[{"href":"https:\/\/ergoproj.coppe.ufrj.br\/index.php\/wp-json\/wp\/v2\/media?parent=1219"}],"curies":[{"name":"wp","href":"https:\/\/api.w.org\/{rel}","templated":true}]}}